(c).
-3
Let d(h) = -h - 1. Let v = 10 - 8. Let l(o) = 2*o - o**v + 2*o - 2 + 8. Let m be l(6). Give d(m).
5
Let t(w) = -w**3 + 5*w**2 - 2*w - 4. Let h be 2*(-3)/(-4)*200/(-12). Let p = h + 30. Give t(p).
-14
Let l(t) = -15 + 1 + 19 + 2*t - 3 - 5. Let s be 6/(-1) - (0 - -1). Determine l(s).
-17
Let j(z) = -5*z + 3. Let l(b) = -16*b + 2. Let q(h) = -3*j(h) + l(h). Suppose n = 4*n + 18. What is q(n)?
-1
Let u(n) be the third derivative of n**6/120 + n**5/12 - 5*n**4/24 + 2*n**3/3 - 2*n**2. Suppose -5*k + 234 = -44*k. Give u(k).
-2
Suppose -13 = -3*s - 2*t + t, -4*s + 17 = t. Suppose -2*j - 6 = -s*j. Let f(d) = 5 - 1 - 2*d + 2*d**j - 7*d**3 + 6*d**3 - 3*d**2. What is f(3)?
-2
Let o(z) = -z**3 + 14*z**2 + 12*z + 10. Let w(l) = -l**3 + 21*l**2 + 39*l + 176. Let s be w(23). What is o(s)?
-35
Suppose 5*z - 4*q = 7 - 4, -5*z - 5*q = 15. Let k(j) = 31*j**2 + j. Determine k(z).
30
Suppose -5*z = 3*a - a - 46, 5*a - 39 = -3*z. Suppose z*d = 1 + 7. Let t(i) = -6*i**2 - i + 1. Calculate t(d).
-6
Let f(j) = -j**3 + 9*j**2 + 11*j - 6. Let q be f(10). Let o(x) = -3 - q*x + 5 + 1. What is o(3)?
-9
Let x(m) = 12448*m**3 - 12449*m**3 - 3*m**2 - 5*m**2 - 6 - 7*m. Calculate x(-7).
-6
Let b = 31 - 26. Let n(a) = b + 9*a - 2*a - 5*a. Suppose -4*x - 2*z = 26, 5*x = -3*z + 6 - 40. Give n(x).
-5
Let h(z) = -13*z + 18. Let q(k) = 6*k - 8. Let g(f) = -5*h(f) - 11*q(f). Calculate g(7).
-9
Let v(z) be the first derivative of -z**6/360 - z**5/120 - 11*z**4/24 + 14*z**3/3 + 8. Let y(n) be the third derivative of v(n). What is y(0)?
-11
Let l(w) be the second derivative of w**4/12 - w**3 - 17*w**2/2 + 64*w. What is l(8)?
-1
Let j(d) = 5*d - 2. Suppose 0 = 2*s + 2 - 4. Let x(u) = u. Let b(i) = s*j(i) - 4*x(i). Calculate b(8).
6
Suppose -m = 5*m - 180. Let x be 4*(-3)/m - (-48)/20. Let h(r) be the first derivative of r**4/4 - r**3/3 - 3*r**2/2 + r - 1. Calculate h(x).
-1
Let i(y) be the third derivative of -y**5/60 - y**4/6 + y**3/6 - y**2. Let t = -97 + 92. Calculate i(t).
-4
Let k(g) = 11*g - 10. Let m(f) = -f + 3. Let d(u) = -k(u) - 2*m(u). Give d(-3).
31
Let x(s) = 24*s + 12. Let g(v) = -11*v - 6. Let m(l) = -13*g(l) - 6*x(l). Determine m(8).
-2
Suppose -5*z = -44 - 131. Suppose -34*s + 29*s = z. Let i(q) = q + 14. Calculate i(s).
7
Suppose 4*i + 9 = 49. Suppose 14*a - i*a - 20 = 0. Let d(u) = u**3 - 5*u**2 - u - 1. Give d(a).
-6
Let y(w) = w**3 + 6*w**2 + 4*w + 4. Let d be 22 - 5 - -1*4. Suppose z = 4*n + d, 0*z + 4*z + 16 = -4*n. Calculate y(n).
9
Suppose -q + n - 6 = 0, 5*q - 7*n + 10*n = 10. Let y(m) = 4*m**3 - 3*m**2 - 2*m. What is y(q)?
-5
Let m(r) = -r - 4. Let i(d) = -d**2 + 7*d + 34. Let x be i(10). Suppose 3*v + x*w = 6*w - 12, -v - 4 = -2*w. Determine m(v).
0
Let w = -7 - -4. Let c(z) = 10*z**2 + 13*z + 6. Let r(m) = -3*m**2 - 4*m - 2. Let v(a) = -2*c(a) - 7*r(a). What is v(w)?
5
Let b(g) = g**2 - g - 1. Let d(l) = -6*l - 6. Let i be d(-3). Suppose -4*k + 0*k + i = 0. Suppose -k + 0 = 3*v. Determine b(v).
1
Let o(i) = -i - 7. Suppose 16*l = 98*l - 902. What is o(l)?
-18
Let j be 4*(-3)/9 - (-44)/(-12). Let c(t) be the second derivative of -t**3/3 + t**2 - t. What is c(j)?
12
Let d(v) = -9*v**2 - 6*v. Let n(f) = -16*f**2 - 12*f - 1. Let w(t) = -7*d(t) + 4*n(t). Let b(j) = 3*j + 6. Let m be b(-4). What is w(m)?
-4
Let r(g) = 5*g. Let y be r(4). Suppose y = 6*q + 2. Let k(t) = 8 - 9*t**q + 10*t**3 - 4. Give k(0).
4
Let d(b) = -71*b - 356. Let l be d(-5). Let n(f) = -13*f + 7. Let x(r) = 39*r - 20. Let k(c) = -17*n(c) - 6*x(c). What is k(l)?
14
Let o(b) be the third derivative of -1/3*b**3 + 1/60*b**5 - 10*b**2 + 0 + 0*b - 1/12*b**4. Suppose 0 = -2*m - 5*f + 5 + 3, -m + 4*f = -4. What is o(m)?
6
Let d be ((-8)/8)/(2/(-4)). Let y(g) = 6*g - 3 - d*g - 2*g + g**2 - 3*g. Calculate y(0).
-3
Let b(l) = -l**3 + l + 13. Let d be 0/(7 - -2 - 13). What is b(d)?
13
Let v(t) = t**3 + 11*t**2 - 2*t - 26. Let l be v(-11). Let a(u) = -u**2 + u + 1. Determine a(l).
-19
Suppose 2 = 2*r + 26. Let d be (-8)/r + 26/6. Suppose -1 = -v - d. Let k(i) = -i**3 - 4*i**2 + 2. What is k(v)?
2
Let a(r) = 19*r + 435. Let j be a(-23). Let y(w) = 9*w**2 + 4*w + 3. Calculate y(j).
31
Let k(l) = 2*l**2 + 2*l + 4 - 10 + 6. Let j be 4*(14/4 - 4)/1. Give k(j).
4
Let q(z) be the first derivative of -4*z**3/3 + z**2 + z - 26. Give q(-1).
-5
Let k(v) be the third derivative of -v**4/8 + 5*v**3/6 - 9*v**2. Let c be k(2). Let g(n) = 2*n**2 + 3*n**2 - n**2. Give g(c).
4
Let y(t) = t + 8. Let w(j) = 3*j + 24. Let r(s) = 3*w(s) - 8*y(s). Let x = -14 + 9. Give r(x).
3
Suppose -3*g + 3*c = -6, 1 = g + 3*g + 3*c. Let b(u) = 4*u + 1 - 13*u + 0*u - 7*u. Calculate b(g).
-15
Suppose 29 = -4*g + m, -4*g = g - 3*m + 31. Let x = g + 9. Let h(q) = -x - 7 - q - 2 + 7. Calculate h(-4).
1
Let j(r) = r**3 + 22*r**2 + 42*r + 47. Let v be j(-20). Let h(o) = o**2 - 6*o - 10. Calculate h(v).
-3
Let v(p) = p**2 + 2*p - 1. Let d be v(1). Let j(a) = 3*a - 2 - 1 - d*a. Suppose 0 = c + 7 - 11. What is j(c)?
1
Let o(s) = 3*s + s**2 - 3*s + 2 + s**3. Suppose f - 10 + 5 = -z, 5*z - 22 = -4*f. Calculate o(z).
14
Let k(w) be the second derivative of -w**4/6 + w**3/6 + 3*w**2/2 - 171*w - 2. Determine k(-3).
-18
Let c(b) = -7*b**3 - 5*b**2 + 5*b + 26. Let n(d) = -11*d**3 - 8*d**2 + 8*d + 41. Let j(s) = -8*c(s) + 5*n(s). Give j(3).
24
Suppose 0 = 23*v + 215 - 8. Let z(i) = i + 3. Give z(v).
-6
Suppose v - 6*v = -190. Let z = v + -29. Let m(i) = -i**2 + 11*i - 10. What is m(z)?
8
Let b(k) be the third derivative of -k**6/120 + 7*k**5/60 - k**4/4 - 2*k**3 + 5*k**2. What is b(4)?
12
Let p(n) = n - 2 - 2 - 4. Suppose -22*a = -134 + 2. Determine p(a).
-2
Suppose n = 3*z - 7, -z + 0*z - 4*n - 2 = 0. Let f(v) = v**3 - 4*v**2 + v + 1. Let u be f(4). Let c(w) = w + u - z*w + 0*w - 4. Calculate c(-5).
6
Suppose -4*r = -a + 21, 5*r = 2*r - a - 7. Let m(b) = 2*b - 2. Determine m(r).
-10
Let k = -1171 + 1179. Let r(u) = u**3 - 8*u**2 + 8. What is r(k)?
8
Let l be (3 - (0 - -2))*4. Let g(w) = -w**2 - 11*w - 4 - 5 + l*w. Calculate g(-6).
-3
Let m(w) = -w - 5. Let d(c) = 12*c + 26. Let v be d(-3). Give m(v).
5
Let g(z) = -2*z + 16. Let y be g(4). Let w(t) = t**2 - 9*t + 12. What is w(y)?
4
Suppose 42 = 2*n - 4*w, n = 3*n + 2*w - 66. Let c(m) = m + n - 14 - 12. Determine c(7).
10
Suppose -3*d + 19 = 7. Let j be 3/(-1) + (4 - -1). Let w(f) = -4 + d*f - 3 + f**2 + 3 - j. What is w(-5)?
-1
Suppose 5*t = -5*q - 20, 0 = q - 5*t + 3*t - 2. Let o(p) = p**2 - 15 - 4*p - 16 + p**3 + 28. Determine o(q).
1
Let o(g) be the second derivative of g**4/12 - 2*g**3/3 - g**2/2 + 2*g. Let q be 5/(-20) - (-26)/8. Let u(v) = 3*v - 6. Let b be u(q). What is o(b)?
-4
Suppose 2*v - 6 = 3*v. Let i(l) be the second derivative of -l**4/12 - 2*l**3/3 + l**2 + l + 3. What is i(v)?
-10
Suppose 0*f + 2*f = -f. Let q(d) be the third derivative of -3*d**2 + 0*d - 1/24*d**4 + f*d**3 + 0. Calculate q(2).
-2
Let l(v) = -v**3 - v - 1. Let h(d) = 3*d**3 + 10*d**2 - 22*d + 6. Let t(a) = -h(a) - 2*l(a). Determine t(-12).
-4
Let r be (-2)/3*27/(-9) + 0. Let o(x) = -x**2. Let l(t) = -3*t**2 + 2*t + 1. Let p(m) = -l(m) + 4*o(m). Give p(r).
-9
Let t be (-28)/8*(-6 + 2). Let z = t + -8. Suppose 15*w + z = 14*w. Let y(p) = -p**2 - 6*p + 8. What is y(w)?
8
Let n(u) = 3*u - 10. Suppose 0 = 15*k - 100 + 40. Calculate n(k).
2
Let b(m) be the second derivative of -m**6/240 - 7*m**5/120 - 3*m**4/4 - 22*m. Let h(k) be the third derivative of b(k). Determine h(-5).
8
Let w(g) be the first derivative of g**5/60 + 5*g**4/24 + 2*g**3/3 - 11*g**2/2 - 14. Let k(l) be the second derivative of w(l). Determine k(-3).
-2
Let m(v) = v**2 - 6. Suppose -f + 3 = s - 2*s, -f + 12 = 2*s. What is m(f)?
30
Suppose -11*s - 12 = -8*s. Let o(v) = -v**3 - 4*v**2 - 2*v - 3. Calculate o(s).
5
Let y(f) = 11*f - 3. Let c be -4*(170/(-40) + 5). Give y(c).
-36
Let u(f) = 4*f + 5. Let k be u(-15). Let l = k - -54. Let n(t) = 13*t**3 - t**2 + t + 1. Calculate n(l).
-14
Let x(i) be the second derivative of -i**5/20 + 5*i**4/12 - i**3/2 - 27*i. Let h = 15 + -10. Determine x(h).
-15
Let b(q) = q**2 + 2*q - 1. Let l = 39 - 38. Let h(t) = t**2 + 2*t - 1. Let z be h(l). Give b(z).
7
Let r(d) = -21*d**2 - 6*d + 63. Let p(b) = 31*b**2 + 5*b - 63. Let f(c) = 2*p(c) + 3*r(c). Determine f(-13).
-2
Let d(q) be the first derivative of -q**4/4 - 4*q*